{"id":2949,"date":"2025-03-21T11:12:36","date_gmt":"2025-03-21T11:12:36","guid":{"rendered":"https:\/\/serwer1772130.home.pl\/autoinstalator\/wordpress\/?page_id=2949"},"modified":"2025-03-21T11:12:36","modified_gmt":"2025-03-21T11:12:36","slug":"2949-2","status":"publish","type":"page","link":"https:\/\/serwer1772130.home.pl\/autoinstalator\/wordpress\/2949-2\/","title":{"rendered":""},"content":{"rendered":"\n<p class=\"has-text-align-center has-medium-font-size\">Zapraszamy serdecznie do udzia\u0142u w konferencji pt.:<\/p>\n\n\n\n<div style=\"height:16px\" aria-hidden=\"true\" class=\"wp-block-spacer\"><\/div>\n\n\n\n<p class=\"has-text-align-center\" style=\"font-size:25px\"> <strong>\u201eZr\u00f3wnowa\u017cony rozw\u00f3j przedsi\u0119biorstw\u201d. <\/strong><\/p>\n\n\n\n<div style=\"height:40px\" aria-hidden=\"true\" class=\"wp-block-spacer\"><\/div>\n\n\n\n<figure class=\"wp-block-gallery has-nested-images columns-default is-cropped wp-block-gallery-1 is-layout-flex wp-block-gallery-is-layout-flex\">\n<figure data-wp-context=\"{&quot;imageId&quot;:&quot;69eb64fc1b479&quot;}\" data-wp-interactive=\"core\/image\" data-wp-key=\"69eb64fc1b479\" class=\"wp-block-image size-large wp-lightbox-container\"><img loading=\"lazy\" decoding=\"async\" width=\"724\" height=\"1024\" data-wp-class--hide=\"state.isContentHidden\" data-wp-class--show=\"state.isContentVisible\" data-wp-init=\"callbacks.setButtonStyles\" data-wp-on--click=\"actions.showLightbox\" data-wp-on--load=\"callbacks.setButtonStyles\" data-wp-on-window--resize=\"callbacks.setButtonStyles\" data-id=\"2950\" src=\"https:\/\/serwer1772130.home.pl\/autoinstalator\/wordpress\/wp-content\/uploads\/2025\/03\/Program-03.04-ESG-724x1024.jpg\" alt=\"\" class=\"wp-image-2950\" srcset=\"https:\/\/serwer1772130.home.pl\/autoinstalator\/wordpress\/wp-content\/uploads\/2025\/03\/Program-03.04-ESG-724x1024.jpg 724w, https:\/\/serwer1772130.home.pl\/autoinstalator\/wordpress\/wp-content\/uploads\/2025\/03\/Program-03.04-ESG-212x300.jpg 212w, https:\/\/serwer1772130.home.pl\/autoinstalator\/wordpress\/wp-content\/uploads\/2025\/03\/Program-03.04-ESG-768x1086.jpg 768w, https:\/\/serwer1772130.home.pl\/autoinstalator\/wordpress\/wp-content\/uploads\/2025\/03\/Program-03.04-ESG-1086x1536.jpg 1086w, https:\/\/serwer1772130.home.pl\/autoinstalator\/wordpress\/wp-content\/uploads\/2025\/03\/Program-03.04-ESG-1140x1613.jpg 1140w, https:\/\/serwer1772130.home.pl\/autoinstalator\/wordpress\/wp-content\/uploads\/2025\/03\/Program-03.04-ESG.jpg 1240w\" sizes=\"auto, (max-width: 724px) 100vw, 724px\" \/><button\n\t\t\tclass=\"lightbox-trigger\"\n\t\t\ttype=\"button\"\n\t\t\taria-haspopup=\"dialog\"\n\t\t\taria-label=\"Powi\u0119ksz\"\n\t\t\tdata-wp-init=\"callbacks.initTriggerButton\"\n\t\t\tdata-wp-on--click=\"actions.showLightbox\"\n\t\t\tdata-wp-style--right=\"state.imageButtonRight\"\n\t\t\tdata-wp-style--top=\"state.imageButtonTop\"\n\t\t>\n\t\t\t<svg xmlns=\"http:\/\/www.w3.org\/2000\/svg\" width=\"12\" height=\"12\" fill=\"none\" viewBox=\"0 0 12 12\">\n\t\t\t\t<path fill=\"#fff\" d=\"M2 0a2 2 0 0 0-2 2v2h1.5V2a.5.5 0 0 1 .5-.5h2V0H2Zm2 10.5H2a.5.5 0 0 1-.5-.5V8H0v2a2 2 0 0 0 2 2h2v-1.5ZM8 12v-1.5h2a.5.5 0 0 0 .5-.5V8H12v2a2 2 0 0 1-2 2H8Zm2-12a2 2 0 0 1 2 2v2h-1.5V2a.5.5 0 0 0-.5-.5H8V0h2Z\" \/>\n\t\t\t<\/svg>\n\t\t<\/button><\/figure>\n\n\n\n<figure data-wp-context=\"{&quot;imageId&quot;:&quot;69eb64fc1ba51&quot;}\" data-wp-interactive=\"core\/image\" data-wp-key=\"69eb64fc1ba51\" class=\"wp-block-image size-large wp-lightbox-container\"><img loading=\"lazy\" decoding=\"async\" width=\"724\" height=\"1024\" data-wp-class--hide=\"state.isContentHidden\" data-wp-class--show=\"state.isContentVisible\" data-wp-init=\"callbacks.setButtonStyles\" data-wp-on--click=\"actions.showLightbox\" data-wp-on--load=\"callbacks.setButtonStyles\" data-wp-on-window--resize=\"callbacks.setButtonStyles\" data-id=\"2951\" src=\"https:\/\/serwer1772130.home.pl\/autoinstalator\/wordpress\/wp-content\/uploads\/2025\/03\/Zaproszenie-ESG-03.04-724x1024.jpg\" alt=\"\" class=\"wp-image-2951\" srcset=\"https:\/\/serwer1772130.home.pl\/autoinstalator\/wordpress\/wp-content\/uploads\/2025\/03\/Zaproszenie-ESG-03.04-724x1024.jpg 724w, https:\/\/serwer1772130.home.pl\/autoinstalator\/wordpress\/wp-content\/uploads\/2025\/03\/Zaproszenie-ESG-03.04-212x300.jpg 212w, https:\/\/serwer1772130.home.pl\/autoinstalator\/wordpress\/wp-content\/uploads\/2025\/03\/Zaproszenie-ESG-03.04-768x1086.jpg 768w, https:\/\/serwer1772130.home.pl\/autoinstalator\/wordpress\/wp-content\/uploads\/2025\/03\/Zaproszenie-ESG-03.04-1086x1536.jpg 1086w, https:\/\/serwer1772130.home.pl\/autoinstalator\/wordpress\/wp-content\/uploads\/2025\/03\/Zaproszenie-ESG-03.04-1140x1613.jpg 1140w, https:\/\/serwer1772130.home.pl\/autoinstalator\/wordpress\/wp-content\/uploads\/2025\/03\/Zaproszenie-ESG-03.04.jpg 1240w\" sizes=\"auto, (max-width: 724px) 100vw, 724px\" \/><button\n\t\t\tclass=\"lightbox-trigger\"\n\t\t\ttype=\"button\"\n\t\t\taria-haspopup=\"dialog\"\n\t\t\taria-label=\"Powi\u0119ksz\"\n\t\t\tdata-wp-init=\"callbacks.initTriggerButton\"\n\t\t\tdata-wp-on--click=\"actions.showLightbox\"\n\t\t\tdata-wp-style--right=\"state.imageButtonRight\"\n\t\t\tdata-wp-style--top=\"state.imageButtonTop\"\n\t\t>\n\t\t\t<svg xmlns=\"http:\/\/www.w3.org\/2000\/svg\" width=\"12\" height=\"12\" fill=\"none\" viewBox=\"0 0 12 12\">\n\t\t\t\t<path fill=\"#fff\" d=\"M2 0a2 2 0 0 0-2 2v2h1.5V2a.5.5 0 0 1 .5-.5h2V0H2Zm2 10.5H2a.5.5 0 0 1-.5-.5V8H0v2a2 2 0 0 0 2 2h2v-1.5ZM8 12v-1.5h2a.5.5 0 0 0 .5-.5V8H12v2a2 2 0 0 1-2 2H8Zm2-12a2 2 0 0 1 2 2v2h-1.5V2a.5.5 0 0 0-.5-.5H8V0h2Z\" \/>\n\t\t\t<\/svg>\n\t\t<\/button><\/figure>\n<\/figure>\n\n\n\n<div style=\"height:40px\" aria-hidden=\"true\" class=\"wp-block-spacer\"><\/div>\n\n\n\n<p class=\"has-text-align-center has-medium-font-size\">Jest to ju\u017c IV edycja naszego wydarzenia, kt\u00f3re od 2022 roku ma zasi\u0119g og\u00f3lnopolski.<\/p>\n\n\n\n<div style=\"height:20px\" aria-hidden=\"true\" class=\"wp-block-spacer\"><\/div>\n\n\n\n<p class=\"has-text-align-center has-medium-font-size\"><strong>Data:<\/strong> 03.04.2025 r.<\/p>\n\n\n\n<p class=\"has-text-align-center has-medium-font-size\"><strong>Godz.:<\/strong> 10:00 \u2013 13:00<\/p>\n\n\n\n<p class=\"has-text-align-center has-medium-font-size\"><strong>Miejsce:<\/strong> AKADEMIA WSB, ul. Cieplaka 1C, D\u0105browa G\u00f3rnicza<strong>&nbsp;&nbsp;&nbsp;&nbsp;&nbsp;&nbsp;&nbsp;&nbsp;&nbsp; <\/strong><strong>&nbsp;<\/strong><\/p>\n\n\n\n<p class=\"has-text-align-center has-medium-font-size\"><strong>Zg\u0142oszenia: <\/strong>zg\u0142oszenia z podaniem imienia i nazwiska prosz\u0119 wysy\u0142a\u0107 na adres: <a href=\"mailto:katowice@pte.pl\" target=\"_blank\" rel=\"noreferrer noopener\">katowice@pte.pl<\/a><\/p>\n","protected":false},"excerpt":{"rendered":"<p>Zapraszamy serdecznie do udzia\u0142u w konferencji pt.: \u201eZr\u00f3wnowa\u017cony rozw\u00f3j przedsi\u0119biorstw\u201d. Jest to ju\u017c IV edycja naszego wydarzenia, kt\u00f3re od 2022 roku ma zasi\u0119g og\u00f3lnopolski. Data: 03.04.2025 r. Godz.: 10:00 \u2013 13:00 Miejsce: AKADEMIA WSB, ul. Cieplaka 1C, D\u0105browa G\u00f3rnicza&nbsp;&nbsp;&nbsp;&nbsp;&nbsp;&nbsp;&nbsp;&nbsp;&nbsp; &nbsp; Zg\u0142oszenia: zg\u0142oszenia z podaniem imienia i nazwiska prosz\u0119 wysy\u0142a\u0107 na adres: katowice@pte.pl<\/p>\n","protected":false},"author":1,"featured_media":0,"parent":0,"menu_order":0,"comment_status":"closed","ping_status":"closed","template":"","meta":{"footnotes":""},"class_list":["post-2949","page","type-page","status-publish","hentry"],"_links":{"self":[{"href":"https:\/\/serwer1772130.home.pl\/autoinstalator\/wordpress\/wp-json\/wp\/v2\/pages\/2949","targetHints":{"allow":["GET"]}}],"collection":[{"href":"https:\/\/serwer1772130.home.pl\/autoinstalator\/wordpress\/wp-json\/wp\/v2\/pages"}],"about":[{"href":"https:\/\/serwer1772130.home.pl\/autoinstalator\/wordpress\/wp-json\/wp\/v2\/types\/page"}],"author":[{"embeddable":true,"href":"https:\/\/serwer1772130.home.pl\/autoinstalator\/wordpress\/wp-json\/wp\/v2\/users\/1"}],"replies":[{"embeddable":true,"href":"https:\/\/serwer1772130.home.pl\/autoinstalator\/wordpress\/wp-json\/wp\/v2\/comments?post=2949"}],"version-history":[{"count":3,"href":"https:\/\/serwer1772130.home.pl\/autoinstalator\/wordpress\/wp-json\/wp\/v2\/pages\/2949\/revisions"}],"predecessor-version":[{"id":2954,"href":"https:\/\/serwer1772130.home.pl\/autoinstalator\/wordpress\/wp-json\/wp\/v2\/pages\/2949\/revisions\/2954"}],"wp:attachment":[{"href":"https:\/\/serwer1772130.home.pl\/autoinstalator\/wordpress\/wp-json\/wp\/v2\/media?parent=2949"}],"curies":[{"name":"wp","href":"https:\/\/api.w.org\/{rel}","templated":true}]}}